{"id":228,"date":"2020-07-22T16:40:14","date_gmt":"2020-07-22T14:40:14","guid":{"rendered":"http:\/\/impulskreation.net\/eugeria-karriere\/?page_id=228"},"modified":"2020-09-15T18:44:21","modified_gmt":"2020-09-15T16:44:21","slug":"home","status":"publish","type":"page","link":"http:\/\/impulskreation.net\/eugeria-karriere\/home\/","title":{"rendered":"Home"},"content":{"rendered":"[vc_row full_width=&#8220;stretch_row_content_no_spaces&#8220; remove_bottom_col_margin=&#8220;true&#8220;][vc_column]\n\t\t\t<!-- START Home Slider 1 REVOLUTION SLIDER 6.3.6 --><p class=\"rs-p-wp-fix\"><\/p>\n\t\t\t<rs-module-wrap id=\"rev_slider_12_1_wrapper\" data-source=\"gallery\" style=\"background:transparent;padding:0;margin:0px auto;margin-top:0;margin-bottom:0;max-width:1920px;\">\n\t\t\t\t<rs-module id=\"rev_slider_12_1\" style=\"\" data-version=\"6.3.6\">\n\t\t\t\t\t<rs-slides>\n\t\t\t\t\t\t<rs-slide data-key=\"rs-24\" data-title=\"Slide\" data-anim=\"ei:d;eo:d;s:1000;r:0;t:fade;sl:0;\">\n\t\t\t\t\t\t\t<img loading=\"lazy\" decoding=\"async\" src=\"\/\/impulskreation.net\/eugeria-karriere\/wp-content\/uploads\/2020\/09\/IMG_7854-banner-2.jpg\" title=\"IMG_7854-banner-2\" width=\"1920\" height=\"720\" data-panzoom=\"d:10000;ss:110%;se:100%;\" class=\"rev-slidebg\" data-no-retina>\n<!---->\t\t\t\t\t\t<\/rs-slide>\n\t\t\t\t\t\t<rs-slide data-key=\"rs-25\" data-title=\"Slide\" data-anim=\"ei:d;eo:d;s:1000;r:0;t:fade;sl:0;\">\n\t\t\t\t\t\t\t<img loading=\"lazy\" decoding=\"async\" src=\"\/\/impulskreation.net\/eugeria-karriere\/wp-content\/uploads\/2020\/09\/hands-banner-2.jpg\" title=\"hands-banner-2\" width=\"1920\" height=\"720\" data-panzoom=\"d:10000;ss:110%;se:100;\" class=\"rev-slidebg\" data-no-retina>\n<!---->\t\t\t\t\t\t<\/rs-slide>\n\t\t\t\t\t<\/rs-slides>\n\t\t\t\t\t<rs-static-layers><!--\n\n\t\t\t\t\t\t\t--><rs-layer\n\t\t\t\t\t\t\t\tid=\"slider-12-slide-12-layer-0\" \n\t\t\t\t\t\t\t\tclass=\"rs-layer-static\"\n\t\t\t\t\t\t\t\tdata-type=\"text\"\n\t\t\t\t\t\t\t\tdata-color=\"#fff\"\n\t\t\t\t\t\t\t\tdata-tsh=\"c:rgba(0,0,0,0.75);h:7px;v:7px;b:7px;\"\n\t\t\t\t\t\t\t\tdata-rsp_ch=\"on\"\n\t\t\t\t\t\t\t\tdata-xy=\"x:41px;y:c;\"\n\t\t\t\t\t\t\t\tdata-text=\"w:normal;s:70;l:80;ls:-3px;fw:200;\"\n\t\t\t\t\t\t\t\tdata-dim=\"w:1172px;minh:0px;\"\n\t\t\t\t\t\t\t\tdata-basealign=\"slide\"\n\t\t\t\t\t\t\t\tdata-onslides=\"s:1;\"\n\t\t\t\t\t\t\t\tdata-frame_1=\"st:80;sp:500;sR:80;\"\n\t\t\t\t\t\t\t\tdata-frame_999=\"o:0;st:w;sR:8420;\"\n\t\t\t\t\t\t\t\tstyle=\"z-index:5;font-family:Montserrat;\"\n\t\t\t\t\t\t\t>Das Geheimnis des Gl\u00fccks liegt nicht im Besitz, sondern im Geben.<br \/>\n Wer andere gl\u00fccklich macht, wird gl\u00fccklich.<br \/>\n<br \/>\n- Andr\u00e9 Gide - \n\t\t\t\t\t\t\t<\/rs-layer><!--\n\t\t\t\t\t--><\/rs-static-layers>\n\t\t\t\t<\/rs-module>\n\t\t\t\t<script type=\"text\/javascript\">\n\t\t\t\t\tsetREVStartSize({c: 'rev_slider_12_1',rl:[1920,1024,778,480],el:[730],gw:[1920],gh:[730],type:'standard',justify:'',layout:'fullwidth',mh:\"0\"});\n\t\t\t\t\tvar\trevapi12,\n\t\t\t\t\t\ttpj;\n\t\t\t\t\tfunction revinit_revslider121() {\n\t\t\t\t\tjQuery(function() {\n\t\t\t\t\t\ttpj = jQuery;\n\t\t\t\t\t\trevapi12 = tpj(\"#rev_slider_12_1\");\n\t\t\t\t\t\tif(revapi12==undefined || revapi12.revolution == undefined){\n\t\t\t\t\t\t\trevslider_showDoubleJqueryError(\"rev_slider_12_1\");\n\t\t\t\t\t\t}else{\n\t\t\t\t\t\t\trevapi12.revolution({\n\t\t\t\t\t\t\t\tduration:\"5000ms\",\n\t\t\t\t\t\t\t\tvisibilityLevels:\"1920,1024,778,480\",\n\t\t\t\t\t\t\t\tgridwidth:1920,\n\t\t\t\t\t\t\t\tgridheight:730,\n\t\t\t\t\t\t\t\tperspective:600,\n\t\t\t\t\t\t\t\tperspectiveType:\"global\",\n\t\t\t\t\t\t\t\teditorheight:\"730,768,960,720\",\n\t\t\t\t\t\t\t\tresponsiveLevels:\"1920,1024,778,480\",\n\t\t\t\t\t\t\t\tprogressBar:{disableProgressBar:true},\n\t\t\t\t\t\t\t\tnavigation: {\n\t\t\t\t\t\t\t\t\tonHoverStop:false\n\t\t\t\t\t\t\t\t},\n\t\t\t\t\t\t\t\tfallbacks: {\n\t\t\t\t\t\t\t\t\tallowHTML5AutoPlayOnAndroid:true\n\t\t\t\t\t\t\t\t},\n\t\t\t\t\t\t\t});\n\t\t\t\t\t\t}\n\t\t\t\t\t\t\n\t\t\t\t\t});\n\t\t\t\t\t} \/\/ End of RevInitScript\n\t\t\t\tvar once_revslider121 = false;\n\t\t\t\tif (document.readyState === \"loading\") {document.addEventListener('readystatechange',function() { if((document.readyState === \"interactive\" || document.readyState === \"complete\") && !once_revslider121 ) { once_revslider121 = true; revinit_revslider121();}});} else {once_revslider121 = true; revinit_revslider121();}\n\t\t\t\t<\/script>\n\t\t\t<\/rs-module-wrap>\n\t\t\t<!-- END REVOLUTION SLIDER -->\n[\/vc_column][\/vc_row][vc_row full_width=&#8220;stretch_row&#8220; visibility=&#8220;hidden&#8220;][vc_column][vc_column_text]Hier kommen die Infos von Eugeria rein. Was sie ist, wieviel es davon gibt, die H\u00e4user mit deren Zahlen \u00fcber Bewohner und Angestellte, Fachkr\u00e4fte, Dienstleiter, Ansprechpartner usw.<\/p>\n<h5>Das Manus Sozialzentrum<\/h5>\n<p>wurde im Jahr 2000 er\u00f6ffnet von Eugeria und versorgt in 41 Einzelzimmern und 13 Doppelzimmern bis zu 67 Bewohner. Die meisten unserer Bewohner leben f\u00fcr l\u00e4ngere Zeit bei uns, doch auch G\u00e4ste zur Kurzzeit- oder Verhinderungspflege sind bei uns oft zu Gast.<\/p>\n<h5>Das Pflegezentrum Obermain<\/h5>\n<p>wurde im Jahr 2005 im sch\u00f6nen Maintal von Eugeria er\u00f6ffnet. In 55 Einzelzimmern und 16 Doppelzimmern k\u00f6nnen bis zu 87 Bewohner aller Pflegestufenversorgt werden. Neben der Vollzeitpflege sind auch G\u00e4ste zur Kurzzeitpflege, Verhinderungspflege oder Tagespflege herzlich willkommen.<br \/>\nim Servicebereich arbeiten in jedem Haus ca. 25 Personen. Im Pflegebereich in Zapfendorf sind es ca . 30 Personen und in Kutzenberg ca. 40 Personen.<\/p>\n<h5>Verwaltungen sind es je Einrichtung 3 Pers. max.\u00a0 4 Pers.<\/h5>\n<p>In der sozialen Betreuung sind es max. 4 Pers.<\/p>\n<p>Haustechnik jeweils 2 Pers. je Einrichtung.<\/p>\n<p>Abteilung mit 22 Bewohnern und ca. 14 Personen an Personal.\u00a0 Diese Abteilung wird auch als gerontopsychiatrischer Wohnbereich bezeichnet[\/vc_column_text][\/vc_column][\/vc_row][vc_row full_width=&#8220;stretch_row&#8220; remove_bottom_col_margin=&#8220;true&#8220; local_scroll_id=&#8220;flexiblearbeitszeit&#8220; css=&#8220;.vc_custom_1600090393719{padding-top: 50px !important;background-color: #9cc900 !important;}&#8220;][vc_column][vc_column_text el_class=&#8220;hidden&#8220;]\n<h5>Viele Pflegedienstleister<\/h5>\n<p>stehen in vielfacher Weise in der Verantwortung. Sie m\u00fcssen sich den Vorgaben der Kranken- und Pflegekassen stellen. Sie haben eine Verpflichtung gegen\u00fcber Ihren Bewohnern und G\u00e4sten. Sowie eine hohe Verantwortung gegen\u00fcber ihrem Personal. Denn der Pflegeberuf ist kein Einzelk\u00e4mpfer-, sondern ein Gemeinschaftsberuf. Und jede Gemeinschaft ist nur so stark, wie ihr schw\u00e4chstes Mitglied. Aus diesem Grund haben wir es uns zum Ziel gesetzt, jeden neuen Mitarbeiter bestm\u00f6glich zu unterst\u00fctzen und einzuarbeiten.<\/p>\n<h5>Gell<\/h5>\n[\/vc_column_text][vc_column_text]Wir, die Eugeria, arbeiten seit \u00fcber 20 Jahren daran, die Messlatte f\u00fcr den Standard immer ein bisschen h\u00f6her anzusetzen. Das steigert nicht nur die Lebensqualit\u00e4t unserer Bewohner, sondern auch die unserer Mitarbeiter und Kollegen und darauf sind wir ganz besonders stolz.<\/p>\n<p>In unseren zwei Einrichtungen arbeiten jeden Tag \u00fcber 130 Menschen daran, dass unsere Bewohner und G\u00e4ste gut versorgt sind. Jede Einrichtung ist speziell ausgerichtet und hat seine ganz eigene &#8222;Mentalit\u00e4t&#8220;. Wir nennen sie liebevoll unsere Berg- und unsere Talstation.<\/p>\n<h2>Manus Sozialzentrum<\/h2>\n<p>2000 wurde das Manus Sozialzentrum in Zapfendorf er\u00f6ffnet. In unserer Talstation geht es, wie in allen Talstationen, immer sehr lebhaft zu. Unsere Kollegen sind engagiert und zeigen sich auch gerne mal in Party-Laune mit den Bewohnern.[\/vc_column_text][\/vc_column][\/vc_row][vc_row full_width=&#8220;stretch_row&#8220; content_placement=&#8220;middle&#8220; remove_bottom_col_margin=&#8220;true&#8220; wpex_shape_divider_top=&#8220;waves&#8220; wpex_shape_divider_top_invert=&#8220;true&#8220; wpex_shape_divider_top_flip=&#8220;true&#8220; wpex_shape_divider_bottom=&#8220;waves&#8220; wpex_shape_divider_bottom_flip=&#8220;true&#8220; css=&#8220;.vc_custom_1600090171025{padding-top: 150px !important;padding-bottom: 150px !important;background-image: url(http:\/\/impulskreation.net\/eugeria-karriere\/wp-content\/uploads\/2020\/09\/manus-banner-720.jpg?id=784) !important;}&#8220; min_height=&#8220;400px&#8220; wpex_bg_size=&#8220;cover&#8220; wpex_bg_position=&#8220;bottom&#8220; wpex_shape_divider_top_height=&#8220;50&#8243; wpex_shape_divider_bottom_height=&#8220;50&#8243; wpex_shape_divider_top_color=&#8220;#9cc900&#8243; wpex_shape_divider_bottom_color=&#8220;#9cc900&#8243;][vc_column width=&#8220;1\/4&#8243;]<div class=\"vcex-module vcex-milestone clr vcex-animated-milestone vc_custom_1600100252077\" style=\"width:90%;\"><div class=\"vcex-milestone-inner\"><div class=\"vcex-milestone-desc\"><div class=\"vcex-milestone-number\" style=\"color:#f7f7f7;\"><span class=\"vcex-milestone-time vcex-countup\" data-options=\"{&quot;startVal&quot;:0,&quot;endVal&quot;:30,&quot;duration&quot;:2,&quot;decimals&quot;:0,&quot;separator&quot;:&quot;,&quot;,&quot;decimal&quot;:&quot;.&quot;}\">0<\/span><\/div><div class=\"vcex-milestone-caption\" style=\"color:#ffffff;\">Mitarbeiter Pflegebereich<\/div><\/div><\/div><\/div>[\/vc_column][vc_column width=&#8220;1\/4&#8243;]<div class=\"vcex-module vcex-milestone clr vcex-animated-milestone vc_custom_1600100272968\" style=\"width:90%;\"><div class=\"vcex-milestone-inner\"><div class=\"vcex-milestone-desc\"><div class=\"vcex-milestone-number\" style=\"color:#f7f7f7;\"><span class=\"vcex-milestone-time vcex-countup\" data-options=\"{&quot;startVal&quot;:0,&quot;endVal&quot;:25,&quot;duration&quot;:2,&quot;decimals&quot;:0,&quot;separator&quot;:&quot;,&quot;,&quot;decimal&quot;:&quot;.&quot;}\">0<\/span><\/div><div class=\"vcex-milestone-caption\" style=\"color:#ffffff;\">Mitarbeiter Servicebereich<\/div><\/div><\/div><\/div>[\/vc_column][vc_column width=&#8220;1\/4&#8243;]<div class=\"vcex-module vcex-milestone clr vcex-animated-milestone vc_custom_1600100315280\" style=\"width:90%;\"><div class=\"vcex-milestone-inner\"><div class=\"vcex-milestone-desc\"><div class=\"vcex-milestone-number\" style=\"color:#f7f7f7;\"><span class=\"vcex-milestone-time vcex-countup\" data-options=\"{&quot;startVal&quot;:0,&quot;endVal&quot;:3,&quot;duration&quot;:2,&quot;decimals&quot;:0,&quot;separator&quot;:&quot;,&quot;,&quot;decimal&quot;:&quot;.&quot;}\">0<\/span><\/div><div class=\"vcex-milestone-caption\" style=\"color:#ffffff;\">Mitarbeiter Verwaltung<\/div><\/div><\/div><\/div>[\/vc_column][vc_column width=&#8220;1\/4&#8243;]<div class=\"vcex-module vcex-milestone clr vcex-animated-milestone vc_custom_1600100328925\" style=\"width:90%;\"><div class=\"vcex-milestone-inner\"><div class=\"vcex-milestone-desc\"><div class=\"vcex-milestone-number\" style=\"color:#f7f7f7;\"><span class=\"vcex-milestone-time vcex-countup\" data-options=\"{&quot;startVal&quot;:0,&quot;endVal&quot;:67,&quot;duration&quot;:2,&quot;decimals&quot;:0,&quot;separator&quot;:&quot;,&quot;,&quot;decimal&quot;:&quot;.&quot;}\">0<\/span><\/div><div class=\"vcex-milestone-caption\" style=\"color:#ffffff;\">Bewohner<\/div><\/div><\/div><\/div>[\/vc_column][\/vc_row][vc_row full_width=&#8220;stretch_row&#8220; remove_bottom_col_margin=&#8220;true&#8220; local_scroll_id=&#8220;zusatzleistung&#8220; css=&#8220;.vc_custom_1600090308488{background-color: #9cc900 !important;}&#8220;][vc_column][vc_column_text]\n<h2>Pflegezentrum Obermain<\/h2>\n<p>2008 wurde unsere Bergstation, das Pflegezentrum Obermain in Kutzenberg er\u00f6ffnet. In unserer Bergstation ist alles etwas entspannter. Nat\u00fcrlich sind hier unsere Kollegen genauso engagiert wie in der Talstation und doch schwingt immer etwas wie Gelassenheit mit. Und das sch\u00e4tzen auch unsere Bewohner und G\u00e4ste sehr.<\/p>\n<p>Vielleicht liegt das am Ort, am Ausblick oder an der h\u00f6heren Lage.[\/vc_column_text][\/vc_column][\/vc_row][vc_row full_width=&#8220;stretch_row&#8220; content_placement=&#8220;middle&#8220; remove_bottom_col_margin=&#8220;true&#8220; wpex_shape_divider_top=&#8220;waves&#8220; wpex_shape_divider_top_invert=&#8220;true&#8220; wpex_shape_divider_top_flip=&#8220;true&#8220; min_height=&#8220;400px&#8220; css=&#8220;.vc_custom_1600091003450{padding-top: 150px !important;padding-bottom: 150px !important;background-image: url(http:\/\/impulskreation.net\/eugeria-karriere\/wp-content\/uploads\/2020\/09\/obermain-banner720.jpg?id=786) !important;}&#8220; wpex_bg_position=&#8220;center&#8220; wpex_bg_size=&#8220;cover&#8220; wpex_shape_divider_top_color=&#8220;#9cc900&#8243; wpex_shape_divider_top_height=&#8220;50&#8243;][vc_column width=&#8220;1\/4&#8243;]<div class=\"vcex-module vcex-milestone clr vcex-animated-milestone vc_custom_1600100346307\" style=\"width:90%;\"><div class=\"vcex-milestone-inner\"><div class=\"vcex-milestone-desc\"><div class=\"vcex-milestone-number\" style=\"color:#f7f7f7;\"><span class=\"vcex-milestone-time vcex-countup\" data-options=\"{&quot;startVal&quot;:0,&quot;endVal&quot;:40,&quot;duration&quot;:2,&quot;decimals&quot;:0,&quot;separator&quot;:&quot;,&quot;,&quot;decimal&quot;:&quot;.&quot;}\">0<\/span><\/div><div class=\"vcex-milestone-caption\" style=\"color:#ffffff;\">Mitarbeiter Pflegebereich<\/div><\/div><\/div><\/div>[\/vc_column][vc_column width=&#8220;1\/4&#8243;]<div class=\"vcex-module vcex-milestone clr vcex-animated-milestone vc_custom_1600100358492\" style=\"width:90%;\"><div class=\"vcex-milestone-inner\"><div class=\"vcex-milestone-desc\"><div class=\"vcex-milestone-number\" style=\"color:#f7f7f7;\"><span class=\"vcex-milestone-time vcex-countup\" data-options=\"{&quot;startVal&quot;:0,&quot;endVal&quot;:25,&quot;duration&quot;:2,&quot;decimals&quot;:0,&quot;separator&quot;:&quot;,&quot;,&quot;decimal&quot;:&quot;.&quot;}\">0<\/span><\/div><div class=\"vcex-milestone-caption\" style=\"color:#ffffff;\">Mitarbeiter Servicebereich<\/div><\/div><\/div><\/div>[\/vc_column][vc_column width=&#8220;1\/4&#8243;]<div class=\"vcex-module vcex-milestone clr vcex-animated-milestone vc_custom_1600100368917\" style=\"width:90%;\"><div class=\"vcex-milestone-inner\"><div class=\"vcex-milestone-desc\"><div class=\"vcex-milestone-number\" style=\"color:#f7f7f7;\"><span class=\"vcex-milestone-time vcex-countup\" data-options=\"{&quot;startVal&quot;:0,&quot;endVal&quot;:4,&quot;duration&quot;:2,&quot;decimals&quot;:0,&quot;separator&quot;:&quot;,&quot;,&quot;decimal&quot;:&quot;.&quot;}\">0<\/span><\/div><div class=\"vcex-milestone-caption\" style=\"color:#ffffff;\">Mitarbeiter Verwaltung<\/div><\/div><\/div><\/div>[\/vc_column][vc_column width=&#8220;1\/4&#8243;]<div class=\"vcex-module vcex-milestone clr vcex-animated-milestone vc_custom_1600100749577\" style=\"width:90%;border-radius:20px;\"><div class=\"vcex-milestone-inner\"><div class=\"vcex-milestone-desc\"><div class=\"vcex-milestone-number\" style=\"color:#f7f7f7;\"><span class=\"vcex-milestone-time vcex-countup\" data-options=\"{&quot;startVal&quot;:0,&quot;endVal&quot;:87,&quot;duration&quot;:2,&quot;decimals&quot;:0,&quot;separator&quot;:&quot;,&quot;,&quot;decimal&quot;:&quot;.&quot;}\">0<\/span><\/div><div class=\"vcex-milestone-caption\" style=\"color:#ffffff;\">Bewohner<\/div><\/div><\/div><\/div>[\/vc_column][\/vc_row][vc_row full_width=&#8220;stretch_row&#8220; css=&#8220;.vc_custom_1597684591859{padding-top: 35px !important;background-color: #9cc900 !important;}&#8220;][vc_column]<div class=\"vcex-module vcex-callout clr with-button vc_custom_1599230986540\"><div class=\"vcex-callout-caption clr\"><p>Nat\u00fcrlich haben wir Dir noch viel mehr zu bieten.<\/p>\n<p>Aber das w\u00fcrden wir Dir gerne pers\u00f6nlich zeigen. Also starte jetzt Deine neue Karriere bei uns.<\/p>\n<\/div><div class=\"vcex-callout-button\"><a href=\"http:\/\/impulskreation.net\/eugeria-karriere\/bewerbung\/#bewerbform\" title=\"Jetzt bewerben\" class=\"theme-button\" style=\"border-radius:5px;\">Jetzt bewerben<\/a><\/div><\/div>[\/vc_column][\/vc_row]\n","protected":false},"excerpt":{"rendered":"<p>[vc_row full_width=&#8220;stretch_row_content_no_spaces&#8220; remove_bottom_col_margin=&#8220;true&#8220;][vc_column][\/vc_column][\/vc_row][vc_row full_width=&#8220;stretch_row&#8220; visibility=&#8220;hidden&#8220;][vc_column][vc_column_text]Hier kommen die Infos von Eugeria rein. Was sie ist, wieviel es davon gibt, die H\u00e4user mit deren Zahlen \u00fcber Bewohner und Angestellte, Fachkr\u00e4fte, Dienstleiter, Ansprechpartner usw. Das Manus Sozialzentrum wurde im Jahr 2000 er\u00f6ffnet von&hellip;<\/p>\n","protected":false},"author":1,"featured_media":0,"parent":0,"menu_order":0,"comment_status":"closed","ping_status":"closed","template":"","meta":{"footnotes":""},"class_list":["post-228","page","type-page","status-publish","hentry","entry","no-media"],"yoast_head":"<!-- This site is optimized with the Yoast SEO plugin v25.6 - https:\/\/yoast.com\/wordpress\/plugins\/seo\/ -->\n<title>Eugeria - zwei Pflegeeinrichtungen der besonderen Art<\/title>\n<meta name=\"description\" content=\"Bei Eugeria arbeiten jeden Tag \u00fcber 130 Menschen daran, dass unsere Bewohner und G\u00e4ste gut versorgt sind. Willst du auch dazu geh\u00f6ren?\" \/>\n<meta name=\"robots\" content=\"noindex, follow, max-snippet:-1, max-image-preview:large, max-video-preview:-1\" \/>\n<meta property=\"og:locale\" content=\"de_DE\" \/>\n<meta property=\"og:type\" content=\"article\" \/>\n<meta property=\"og:title\" content=\"Eugeria - zwei Pflegeeinrichtungen der besonderen Art\" \/>\n<meta property=\"og:description\" content=\"Bei Eugeria arbeiten jeden Tag \u00fcber 130 Menschen daran, dass unsere Bewohner und G\u00e4ste gut versorgt sind. Willst du auch dazu geh\u00f6ren?\" \/>\n<meta property=\"og:url\" content=\"http:\/\/impulskreation.net\/eugeria-karriere\/home\/\" \/>\n<meta property=\"og:site_name\" content=\"Eugeria TEST\" \/>\n<meta property=\"article:modified_time\" content=\"2020-09-15T16:44:21+00:00\" \/>\n<meta name=\"twitter:card\" content=\"summary_large_image\" \/>\n<meta name=\"twitter:label1\" content=\"Gesch\u00e4tzte Lesezeit\" \/>\n\t<meta name=\"twitter:data1\" content=\"5\u00a0Minuten\" \/>\n<script type=\"application\/ld+json\" class=\"yoast-schema-graph\">{\"@context\":\"https:\/\/schema.org\",\"@graph\":[{\"@type\":\"WebPage\",\"@id\":\"http:\/\/impulskreation.net\/eugeria-karriere\/home\/\",\"url\":\"http:\/\/impulskreation.net\/eugeria-karriere\/home\/\",\"name\":\"Eugeria - zwei Pflegeeinrichtungen der besonderen Art\",\"isPartOf\":{\"@id\":\"http:\/\/impulskreation.net\/eugeria-karriere\/#website\"},\"datePublished\":\"2020-07-22T14:40:14+00:00\",\"dateModified\":\"2020-09-15T16:44:21+00:00\",\"description\":\"Bei Eugeria arbeiten jeden Tag \u00fcber 130 Menschen daran, dass unsere Bewohner und G\u00e4ste gut versorgt sind. Willst du auch dazu geh\u00f6ren?\",\"breadcrumb\":{\"@id\":\"http:\/\/impulskreation.net\/eugeria-karriere\/home\/#breadcrumb\"},\"inLanguage\":\"de\",\"potentialAction\":[{\"@type\":\"ReadAction\",\"target\":[\"http:\/\/impulskreation.net\/eugeria-karriere\/home\/\"]}]},{\"@type\":\"BreadcrumbList\",\"@id\":\"http:\/\/impulskreation.net\/eugeria-karriere\/home\/#breadcrumb\",\"itemListElement\":[{\"@type\":\"ListItem\",\"position\":1,\"name\":\"Home\",\"item\":\"http:\/\/impulskreation.net\/eugeria-karriere\/\"},{\"@type\":\"ListItem\",\"position\":2,\"name\":\"Home\"}]},{\"@type\":\"WebSite\",\"@id\":\"http:\/\/impulskreation.net\/eugeria-karriere\/#website\",\"url\":\"http:\/\/impulskreation.net\/eugeria-karriere\/\",\"name\":\"Eugeria TEST\",\"description\":\"Systemrelevant Karriere machen\",\"publisher\":{\"@id\":\"http:\/\/impulskreation.net\/eugeria-karriere\/#organization\"},\"potentialAction\":[{\"@type\":\"SearchAction\",\"target\":{\"@type\":\"EntryPoint\",\"urlTemplate\":\"http:\/\/impulskreation.net\/eugeria-karriere\/?s={search_term_string}\"},\"query-input\":{\"@type\":\"PropertyValueSpecification\",\"valueRequired\":true,\"valueName\":\"search_term_string\"}}],\"inLanguage\":\"de\"},{\"@type\":\"Organization\",\"@id\":\"http:\/\/impulskreation.net\/eugeria-karriere\/#organization\",\"name\":\"Eugeria TEST\",\"url\":\"http:\/\/impulskreation.net\/eugeria-karriere\/\",\"logo\":{\"@type\":\"ImageObject\",\"inLanguage\":\"de\",\"@id\":\"http:\/\/impulskreation.net\/eugeria-karriere\/#\/schema\/logo\/image\/\",\"url\":\"http:\/\/impulskreation.net\/eugeria-karriere\/wp-content\/uploads\/2020\/07\/eugeria-logo-sw-slogan3.svg\",\"contentUrl\":\"http:\/\/impulskreation.net\/eugeria-karriere\/wp-content\/uploads\/2020\/07\/eugeria-logo-sw-slogan3.svg\",\"width\":47,\"height\":31,\"caption\":\"Eugeria TEST\"},\"image\":{\"@id\":\"http:\/\/impulskreation.net\/eugeria-karriere\/#\/schema\/logo\/image\/\"}}]}<\/script>\n<!-- \/ Yoast SEO plugin. -->","yoast_head_json":{"title":"Eugeria - zwei Pflegeeinrichtungen der besonderen Art","description":"Bei Eugeria arbeiten jeden Tag \u00fcber 130 Menschen daran, dass unsere Bewohner und G\u00e4ste gut versorgt sind. Willst du auch dazu geh\u00f6ren?","robots":{"index":"noindex","follow":"follow","max-snippet":"max-snippet:-1","max-image-preview":"max-image-preview:large","max-video-preview":"max-video-preview:-1"},"og_locale":"de_DE","og_type":"article","og_title":"Eugeria - zwei Pflegeeinrichtungen der besonderen Art","og_description":"Bei Eugeria arbeiten jeden Tag \u00fcber 130 Menschen daran, dass unsere Bewohner und G\u00e4ste gut versorgt sind. Willst du auch dazu geh\u00f6ren?","og_url":"http:\/\/impulskreation.net\/eugeria-karriere\/home\/","og_site_name":"Eugeria TEST","article_modified_time":"2020-09-15T16:44:21+00:00","twitter_card":"summary_large_image","twitter_misc":{"Gesch\u00e4tzte Lesezeit":"5\u00a0Minuten"},"schema":{"@context":"https:\/\/schema.org","@graph":[{"@type":"WebPage","@id":"http:\/\/impulskreation.net\/eugeria-karriere\/home\/","url":"http:\/\/impulskreation.net\/eugeria-karriere\/home\/","name":"Eugeria - zwei Pflegeeinrichtungen der besonderen Art","isPartOf":{"@id":"http:\/\/impulskreation.net\/eugeria-karriere\/#website"},"datePublished":"2020-07-22T14:40:14+00:00","dateModified":"2020-09-15T16:44:21+00:00","description":"Bei Eugeria arbeiten jeden Tag \u00fcber 130 Menschen daran, dass unsere Bewohner und G\u00e4ste gut versorgt sind. Willst du auch dazu geh\u00f6ren?","breadcrumb":{"@id":"http:\/\/impulskreation.net\/eugeria-karriere\/home\/#breadcrumb"},"inLanguage":"de","potentialAction":[{"@type":"ReadAction","target":["http:\/\/impulskreation.net\/eugeria-karriere\/home\/"]}]},{"@type":"BreadcrumbList","@id":"http:\/\/impulskreation.net\/eugeria-karriere\/home\/#breadcrumb","itemListElement":[{"@type":"ListItem","position":1,"name":"Home","item":"http:\/\/impulskreation.net\/eugeria-karriere\/"},{"@type":"ListItem","position":2,"name":"Home"}]},{"@type":"WebSite","@id":"http:\/\/impulskreation.net\/eugeria-karriere\/#website","url":"http:\/\/impulskreation.net\/eugeria-karriere\/","name":"Eugeria TEST","description":"Systemrelevant Karriere machen","publisher":{"@id":"http:\/\/impulskreation.net\/eugeria-karriere\/#organization"},"potentialAction":[{"@type":"SearchAction","target":{"@type":"EntryPoint","urlTemplate":"http:\/\/impulskreation.net\/eugeria-karriere\/?s={search_term_string}"},"query-input":{"@type":"PropertyValueSpecification","valueRequired":true,"valueName":"search_term_string"}}],"inLanguage":"de"},{"@type":"Organization","@id":"http:\/\/impulskreation.net\/eugeria-karriere\/#organization","name":"Eugeria TEST","url":"http:\/\/impulskreation.net\/eugeria-karriere\/","logo":{"@type":"ImageObject","inLanguage":"de","@id":"http:\/\/impulskreation.net\/eugeria-karriere\/#\/schema\/logo\/image\/","url":"http:\/\/impulskreation.net\/eugeria-karriere\/wp-content\/uploads\/2020\/07\/eugeria-logo-sw-slogan3.svg","contentUrl":"http:\/\/impulskreation.net\/eugeria-karriere\/wp-content\/uploads\/2020\/07\/eugeria-logo-sw-slogan3.svg","width":47,"height":31,"caption":"Eugeria TEST"},"image":{"@id":"http:\/\/impulskreation.net\/eugeria-karriere\/#\/schema\/logo\/image\/"}}]}},"_links":{"self":[{"href":"http:\/\/impulskreation.net\/eugeria-karriere\/wp-json\/wp\/v2\/pages\/228"}],"collection":[{"href":"http:\/\/impulskreation.net\/eugeria-karriere\/wp-json\/wp\/v2\/pages"}],"about":[{"href":"http:\/\/impulskreation.net\/eugeria-karriere\/wp-json\/wp\/v2\/types\/page"}],"author":[{"embeddable":true,"href":"http:\/\/impulskreation.net\/eugeria-karriere\/wp-json\/wp\/v2\/users\/1"}],"replies":[{"embeddable":true,"href":"http:\/\/impulskreation.net\/eugeria-karriere\/wp-json\/wp\/v2\/comments?post=228"}],"version-history":[{"count":49,"href":"http:\/\/impulskreation.net\/eugeria-karriere\/wp-json\/wp\/v2\/pages\/228\/revisions"}],"predecessor-version":[{"id":837,"href":"http:\/\/impulskreation.net\/eugeria-karriere\/wp-json\/wp\/v2\/pages\/228\/revisions\/837"}],"wp:attachment":[{"href":"http:\/\/impulskreation.net\/eugeria-karriere\/wp-json\/wp\/v2\/media?parent=228"}],"curies":[{"name":"wp","href":"https:\/\/api.w.org\/{rel}","templated":true}]}}