{"id":105,"date":"2022-03-24T18:12:46","date_gmt":"2022-03-24T17:12:46","guid":{"rendered":"http:\/\/impulskreation.net\/tierarzt\/?page_id=105"},"modified":"2022-08-18T19:04:55","modified_gmt":"2022-08-18T17:04:55","slug":"kontakt","status":"publish","type":"page","link":"https:\/\/impulskreation.net\/tierarzt\/kontakt\/","title":{"rendered":"Kontakt"},"content":{"rendered":"[vc_row full_width=&#8220;stretch_row_content_no_spaces&#8220; remove_bottom_col_margin=&#8220;true&#8220;][vc_column]<div class=\"vcex-module vcex-image-banner wpex-flex wpex-flex-col wpex-justify-center wpex-relative wpex-overflow-hidden wpex-max-w-100 wpex-bg-gray-900 wpex-text-white wpex-text-center header-banner\" ><span class=\"vcex-ib-img wpex-block wpex-z-1 wpex-transition-all wpex-duration-500 wpex-bg-cover wpex-absolute wpex-inset-0\" style=\"background-image:url(https:\/\/impulskreation.net\/tierarzt\/wp-content\/uploads\/banner-kontakt2-1.jpg);background-position:center bottom;\"><\/span><div class=\"vcex-ib-overlay wpex-absolute wpex-z-5 wpex-inset-0 wpex-transition-all wpex-duration-500\"><div class=\"vcex-ib-overlay-bg wpex-absolute wpex-inset-0 wpex-bg-black wpex-opacity-30\"><\/div><\/div><div class=\"vcex-ib-content-wrap wpex-z-10 wpex-w-100 wpex-transition-all wpex-duration-500 wpex-relative wpex-clr\"><div class=\"vcex-ib-content wpex-mx-auto wpex-clr\"><style>.vcex_69d04c43d51d0{font-size:50px!important;}@media (max-width:479px){.vcex_69d04c43d51d0{font-size:35px!important;}}<\/style><div class=\"vcex-ib-title wpex-heading wpex-inherit-color-important vcex_69d04c43d51d0\">Kontakt<\/div><\/div><\/div><\/div>[\/vc_column][\/vc_row][vc_row full_width=&#8220;stretch_row&#8220;][vc_column]<div class=\"vcex-spacing wpex-w-100 wpex-clear\"><\/div>[vc_column_text]M\u00f6chten Sie mit uns Kontakt aufnehmen, rufen Sie, wenn m\u00f6glich, direkt in der Sprechstunde an. Sie k\u00f6nnen uns auch gerne an die angegebene Mailadresse eine E-Mail senden.<\/p>\n<p>Bei komplizierten Fragen, k\u00f6nnen Sie uns im Vorfeld auch Bildmaterial oder vorausgehende Befundung zusenden, das hilft insbesonders bei Einholung von Zweitmeinungen.[\/vc_column_text][\/vc_column][\/vc_row][vc_row full_width=&#8220;stretch_row_content&#8220; remove_bottom_col_margin=&#8220;true&#8220; offset_overlay_header=&#8220;yes&#8220; tablet_fullwidth_cols=&#8220;yes&#8220; css=&#8220;.vc_custom_1650365373419{margin-bottom: -40px !important;background-image: url(http:\/\/impulskreation.net\/tierarzt\/wp-content\/custom\/images\/icon-rabbit-orange.svg) !important;background-position: 0 0 !important;background-repeat: no-repeat !important;}&#8220; wpex_zindex=&#8220;5&#8243; min_height=&#8220;70px&#8220; wpex_bg_position=&#8220;center center&#8220; wpex_bg_size=&#8220;69px&#8220;][vc_column][\/vc_column][\/vc_row][vc_row full_width=&#8220;stretch_row&#8220; css=&#8220;.vc_custom_1654686262327{padding-top: 35px !important;background-color: #f7c06f !important;}&#8220;][vc_column width=&#8220;1\/2&#8243;]<div class=\"vcex-spacing wpex-w-100 wpex-clear\" style=\"height:20px;\"><\/div>[vc_column_text]\n<dl>\n<dt>Adresse:<\/dt>\n<dd>Tier\u00e4rztliche Praxis Maik L\u00f6ffler<\/dd>\n<dd>Kronacher Str. 33<\/dd>\n<dd>96268 Mitwitz<\/dd>\n<\/dl>\n[\/vc_column_text][vc_column_text]\n<dl>\n<dt>Telefon:<\/dt>\n<dd><a href=\"tel:+4992669777\" target=\"_self\">09266\/977-7<\/a><\/dd>\n<\/dl>\n[\/vc_column_text][vc_column_text]\n<dl>\n<dt>Fax:<\/dt>\n<dd>09266\/977-8<\/dd>\n<\/dl>\n[\/vc_column_text][vc_column_text]\n<dl>\n<dt>Mobilfunk :<\/dt>\n<dd><a href=\"tel:+491727185821\" target=\"_self\">+49172\/7185821<\/a><\/dd>\n<\/dl>\n[\/vc_column_text][vc_column_text]\n<dl>\n<dt>WhatsApp Nachricht:<\/dt>\n<dd><a href=\"https:\/\/wa.me\/491727185821\" target=\"_blank\">+49172\/7185821<\/a><\/dd>\n<\/dl>\n[\/vc_column_text][vc_column_text]\n<dl>\n<dt>E-Mail:<\/dt>\n<dd><a href=\"mailto:i&#110;fo&#64;&#116;&#105;er&#97;&#114;&#122;&#116;-&#108;oe&#102;f&#108;er.d&#101;\">inf&#111;&#64;&#116;&#105;&#101;&#114;ar&#122;&#116;&#45;loe&#102;f&#108;&#101;r&#46;&#100;e<\/a><\/dd>\n<\/dl>\n[\/vc_column_text][\/vc_column][vc_column width=&#8220;1\/2&#8243;]<div class=\"vcex-spacing wpex-w-100 wpex-clear\"><\/div><div class=\"templatera_shortcode\"><style type=\"text\/css\" data-type=\"vc_shortcodes-custom-css\">.vc_custom_1649913361762{background-color: #e8e8e8 !important;}.vc_custom_1649914197852{padding-right: 1px !important;padding-bottom: 2px !important;padding-left: 1px !important;background-color: #e8e8e8 !important;}.vc_custom_1649914280078{padding-right: 1px !important;padding-bottom: 2px !important;padding-left: 1px !important;background-color: #e8e8e8 !important;}.vc_custom_1649914287421{padding-right: 1px !important;padding-bottom: 2px !important;padding-left: 1px !important;background-color: #e8e8e8 !important;}.vc_custom_1649914292343{padding-right: 1px !important;padding-bottom: 2px !important;padding-left: 1px !important;background-color: #e8e8e8 !important;}.vc_custom_1649914300342{padding-right: 1px !important;padding-bottom: 2px !important;padding-left: 1px !important;background-color: #e8e8e8 !important;}.vc_custom_1649914245076{padding-right: 1px !important;padding-bottom: 2px !important;padding-left: 1px !important;background-color: #e8e8e8 !important;}.vc_custom_1649913626856{background-color: #ffffff !important;}.vc_custom_1649913635654{background-color: #ffffff !important;}.vc_custom_1649912089585{background-color: #ffffff !important;}.vc_custom_1649912018722{background-color: #ffffff !important;}.vc_custom_1649912194224{background-color: #ffffff !important;}.vc_custom_1649912127409{background-color: #ffffff !important;}.vc_custom_1649912182074{background-color: #ffffff !important;}.vc_custom_1649912138855{background-color: #ffffff !important;}.vc_custom_1649912175237{background-color: #ffffff !important;}.vc_custom_1649912148365{background-color: #ffffff !important;}.vc_custom_1649912167803{background-color: #ffffff !important;}.vc_custom_1649912160859{background-color: #ffffff !important;}<\/style><div class=\"vc_row wpb_row vc_row-fluid vc_custom_1649913361762 vc_column-gap-1 vc_row-o-equal-height vc_row-o-content-middle vc_row-flex wpex-vc_row-has-fill no-bottom-margins wpex-vc-reset-negative-margin\"><div class=\"wpb_column vc_column_container vc_col-sm-12\"><div class=\"vc_column-inner\"><div class=\"wpb_wrapper\">\n\t<div style=\"text-align:center;\" class=\"wpb_text_column wpb_content_element \" >\n\t\t<div class=\"wpb_wrapper\">\n\t\t\t<p><strong>Sprechzeiten<\/strong><\/p>\n\n\t\t<\/div>\n\t<\/div>\n<\/div><\/div><\/div><\/div><div class=\"vc_row wpb_row vc_row-fluid vc_custom_1649914197852 vc_column-gap-1 vc_row-o-equal-height vc_row-o-content-middle vc_row-flex wpex-vc_row-has-fill wpex-vc-has-custom-column-spacing wpex-vc-column-spacing-1 no-bottom-margins wpex-vc-reset-negative-margin\"><div class=\"wpb_column vc_column_container vc_col-sm-4 wpex-vc_col-has-fill\"><div class=\"vc_column-inner vc_custom_1649913626856\"><div class=\"wpb_wrapper\">\n\t<div style=\"text-align:center;\" class=\"wpb_text_column wpb_content_element \" >\n\t\t<div class=\"wpb_wrapper\">\n\t\t\t<p>Montag<\/p>\n\n\t\t<\/div>\n\t<\/div>\n<\/div><\/div><\/div><div class=\"wpb_column vc_column_container vc_col-sm-8 wpex-vc_col-has-fill\"><div class=\"vc_column-inner vc_custom_1649913635654\"><div class=\"wpb_wrapper\">\n\t<div style=\"text-align:center;\" class=\"wpb_text_column wpb_content_element \" >\n\t\t<div class=\"wpb_wrapper\">\n\t\t\t<p>11:00 - 12:00<\/p>\n\n\t\t<\/div>\n\t<\/div>\n\n\t<div style=\"text-align:center;\" class=\"wpb_text_column wpb_content_element \" >\n\t\t<div class=\"wpb_wrapper\">\n\t\t\t<p>17:00 - 18:30<\/p>\n\n\t\t<\/div>\n\t<\/div>\n<\/div><\/div><\/div><\/div><div class=\"vc_row wpb_row vc_row-fluid vc_custom_1649914280078 vc_column-gap-1 vc_row-o-equal-height vc_row-o-content-middle vc_row-flex wpex-vc_row-has-fill no-bottom-margins wpex-vc-reset-negative-margin\"><div class=\"wpb_column vc_column_container vc_col-sm-4 wpex-vc_col-has-fill\"><div class=\"vc_column-inner vc_custom_1649912089585\"><div class=\"wpb_wrapper\">\n\t<div style=\"text-align:center;\" class=\"wpb_text_column wpb_content_element \" >\n\t\t<div class=\"wpb_wrapper\">\n\t\t\t<p>Dienstag<\/p>\n\n\t\t<\/div>\n\t<\/div>\n<\/div><\/div><\/div><div class=\"wpb_column vc_column_container vc_col-sm-8 wpex-vc_col-has-fill\"><div class=\"vc_column-inner vc_custom_1649912018722\"><div class=\"wpb_wrapper\">\n\t<div style=\"text-align:center;\" class=\"wpb_text_column wpb_content_element \" >\n\t\t<div class=\"wpb_wrapper\">\n\t\t\t<p>11:00 - 12:00<\/p>\n\n\t\t<\/div>\n\t<\/div>\n\n\t<div style=\"text-align:center;\" class=\"wpb_text_column wpb_content_element \" >\n\t\t<div class=\"wpb_wrapper\">\n\t\t\t<p>17:00 - 18:30<\/p>\n\n\t\t<\/div>\n\t<\/div>\n<\/div><\/div><\/div><\/div><div class=\"vc_row wpb_row vc_row-fluid vc_custom_1649914287421 vc_column-gap-1 vc_row-o-equal-height vc_row-o-content-middle vc_row-flex wpex-vc_row-has-fill no-bottom-margins wpex-vc-reset-negative-margin\"><div class=\"wpb_column vc_column_container vc_col-sm-4 wpex-vc_col-has-fill\"><div class=\"vc_column-inner vc_custom_1649912194224\"><div class=\"wpb_wrapper\">\n\t<div style=\"text-align:center;\" class=\"wpb_text_column wpb_content_element \" >\n\t\t<div class=\"wpb_wrapper\">\n\t\t\t<p>Mittwoch<\/p>\n\n\t\t<\/div>\n\t<\/div>\n<\/div><\/div><\/div><div class=\"wpb_column vc_column_container vc_col-sm-8 wpex-vc_col-has-fill\"><div class=\"vc_column-inner vc_custom_1649912127409\"><div class=\"wpb_wrapper\">\n\t<div style=\"text-align:center;\" class=\"wpb_text_column wpb_content_element \" >\n\t\t<div class=\"wpb_wrapper\">\n\t\t\t<p>Operationen<\/p>\n\n\t\t<\/div>\n\t<\/div>\n<\/div><\/div><\/div><\/div><div class=\"vc_row wpb_row vc_row-fluid vc_custom_1649914292343 vc_column-gap-1 vc_row-o-equal-height vc_row-o-content-middle vc_row-flex wpex-vc_row-has-fill no-bottom-margins wpex-vc-reset-negative-margin\"><div class=\"wpb_column vc_column_container vc_col-sm-4 wpex-vc_col-has-fill\"><div class=\"vc_column-inner vc_custom_1649912182074\"><div class=\"wpb_wrapper\">\n\t<div style=\"text-align:center;\" class=\"wpb_text_column wpb_content_element \" >\n\t\t<div class=\"wpb_wrapper\">\n\t\t\t<p>Donnerstag<\/p>\n\n\t\t<\/div>\n\t<\/div>\n<\/div><\/div><\/div><div class=\"wpb_column vc_column_container vc_col-sm-8 wpex-vc_col-has-fill\"><div class=\"vc_column-inner vc_custom_1649912138855\"><div class=\"wpb_wrapper\">\n\t<div style=\"text-align:center;\" class=\"wpb_text_column wpb_content_element \" >\n\t\t<div class=\"wpb_wrapper\">\n\t\t\t<p>11:00 - 12:00<\/p>\n\n\t\t<\/div>\n\t<\/div>\n\n\t<div style=\"text-align:center;\" class=\"wpb_text_column wpb_content_element \" >\n\t\t<div class=\"wpb_wrapper\">\n\t\t\t<p>17:00 - 18:30<\/p>\n\n\t\t<\/div>\n\t<\/div>\n<\/div><\/div><\/div><\/div><div class=\"vc_row wpb_row vc_row-fluid vc_custom_1649914300342 vc_column-gap-1 vc_row-o-equal-height vc_row-o-content-middle vc_row-flex wpex-vc_row-has-fill no-bottom-margins wpex-vc-reset-negative-margin\"><div class=\"wpb_column vc_column_container vc_col-sm-4 wpex-vc_col-has-fill\"><div class=\"vc_column-inner vc_custom_1649912175237\"><div class=\"wpb_wrapper\">\n\t<div style=\"text-align:center;\" class=\"wpb_text_column wpb_content_element \" >\n\t\t<div class=\"wpb_wrapper\">\n\t\t\t<p>Freitag<\/p>\n\n\t\t<\/div>\n\t<\/div>\n<\/div><\/div><\/div><div class=\"wpb_column vc_column_container vc_col-sm-8 wpex-vc_col-has-fill\"><div class=\"vc_column-inner vc_custom_1649912148365\"><div class=\"wpb_wrapper\">\n\t<div style=\"text-align:center;\" class=\"wpb_text_column wpb_content_element \" >\n\t\t<div class=\"wpb_wrapper\">\n\t\t\t<p>11:00 - 12:00<\/p>\n\n\t\t<\/div>\n\t<\/div>\n\n\t<div style=\"text-align:center;\" class=\"wpb_text_column wpb_content_element \" >\n\t\t<div class=\"wpb_wrapper\">\n\t\t\t<p>17:00 - 18:00<\/p>\n\n\t\t<\/div>\n\t<\/div>\n<\/div><\/div><\/div><\/div><div class=\"vc_row wpb_row vc_row-fluid vc_custom_1649914245076 vc_column-gap-1 vc_row-o-equal-height vc_row-o-content-middle vc_row-flex wpex-vc_row-has-fill wpex-vc-reset-negative-margin\"><div class=\"wpb_column vc_column_container vc_col-sm-4 wpex-vc_col-has-fill\"><div class=\"vc_column-inner vc_custom_1649912167803\"><div class=\"wpb_wrapper\">\n\t<div style=\"text-align:center;\" class=\"wpb_text_column wpb_content_element \" >\n\t\t<div class=\"wpb_wrapper\">\n\t\t\t<p>Samstag<\/p>\n\n\t\t<\/div>\n\t<\/div>\n<\/div><\/div><\/div><div class=\"wpb_column vc_column_container vc_col-sm-8 wpex-vc_col-has-fill\"><div class=\"vc_column-inner vc_custom_1649912160859\"><div class=\"wpb_wrapper\">\n\t<div style=\"text-align:center;\" class=\"wpb_text_column wpb_content_element \" >\n\t\t<div class=\"wpb_wrapper\">\n\t\t\t<p>11:00 - 12:00<\/p>\n\n\t\t<\/div>\n\t<\/div>\n\n\t<div style=\"text-align:center;\" class=\"wpb_text_column wpb_content_element \" >\n\t\t<div class=\"wpb_wrapper\">\n\t\t\t<p><span style=\"color: #ff0000;\">mit Voranmeldung<\/span><\/p>\n\n\t\t<\/div>\n\t<\/div>\n<\/div><\/div><\/div><\/div><div class=\"vc_row wpb_row vc_row-fluid vc_row-o-equal-height vc_row-o-content-middle vc_row-flex wpex-vc-has-custom-column-spacing wpex-vc-column-spacing-40 no-bottom-margins\"><div class=\"wpb_column vc_column_container vc_col-sm-12\"><div class=\"vc_column-inner\"><div class=\"wpb_wrapper\"><div class=\"vcex-spacing wpex-w-100 wpex-clear\"><\/div>\n\t<div class=\"wpb_text_column wpb_content_element \" >\n\t\t<div class=\"wpb_wrapper\">\n\t\t\t<p>Samstag sollte haupts\u00e4chlich Tierbesitzern vorbehalten sein, die zwischen Montag und Freitag keinen Termin wahrnehmen k\u00f6nnen.<\/p>\n\n\t\t<\/div>\n\t<\/div>\n<\/div><\/div><\/div><\/div><\/div>[\/vc_column][\/vc_row][vc_row full_width=&#8220;stretch_row_content&#8220; remove_bottom_col_margin=&#8220;true&#8220; offset_overlay_header=&#8220;yes&#8220; tablet_fullwidth_cols=&#8220;yes&#8220; css=&#8220;.vc_custom_1650365100669{margin-top: -35px !important;margin-bottom: -35px !important;background-image: url(http:\/\/impulskreation.net\/tierarzt\/wp-content\/custom\/images\/icon-cat-white.svg) !important;background-position: 0 0 !important;background-repeat: no-repeat !important;}&#8220; wpex_zindex=&#8220;5&#8243; min_height=&#8220;70px&#8220; wpex_bg_position=&#8220;center center&#8220; wpex_bg_size=&#8220;69px&#8220;][vc_column][\/vc_column][\/vc_row][vc_row full_width=&#8220;stretch_row&#8220; css=&#8220;.vc_custom_1649932376864{padding-top: 35px !important;}&#8220;][vc_column]<figure class=\"vcex-image vcex-module wpex-clr\"><div class=\"vcex-image-inner wpex-relative wpex-inline-block overlay-parent overlay-parent-slideup-title-white overlay-h wpex-overflow-hidden overlay-ms\"><a href=\"https:\/\/www.google.com\/maps\/dir\/?api=1&#038;destination=Kronacher+Str.+33%2C96268+Mitwitz&#038;travelmode=driving\" target=\"_blank\" rel=\"nofollow noopener noreferrer\"><img decoding=\"async\" width=\"1404\" height=\"294\" src=\"https:\/\/impulskreation.net\/tierarzt\/wp-content\/uploads\/gmaps-banner.jpg\" class=\"wpex-align-middle\" alt=\"\" loading=\"lazy\" srcset=\"https:\/\/impulskreation.net\/tierarzt\/wp-content\/uploads\/gmaps-banner.jpg 1404w, https:\/\/impulskreation.net\/tierarzt\/wp-content\/uploads\/gmaps-banner-300x63.jpg 300w, https:\/\/impulskreation.net\/tierarzt\/wp-content\/uploads\/gmaps-banner-1024x214.jpg 1024w, https:\/\/impulskreation.net\/tierarzt\/wp-content\/uploads\/gmaps-banner-768x161.jpg 768w\" sizes=\"auto, (max-width: 1404px) 100vw, 1404px\" \/>\n<div class=\"overlay-slideup-title overlay-hide theme-overlay wpex-absolute wpex-inset-0 wpex-transition-all wpex-duration-300 wpex-overflow-hidden wpex-flex wpex-items-center wpex-justify-center\">\n\n\t<div class=\"overlay-bg wpex-bg-white wpex-absolute wpex-inset-0 wpex-opacity-80\"><\/div>\n\n\t<div class=\"overlay-content overlay-transform wpex-relative wpex-text-md wpex-text-black wpex-text-center wpex-font-semibold wpex-transition-all wpex-duration-300 wpex-px-20 wpex-translate-y-100\"><span class=\"title\">Gehe zu Google Maps Routenplaner<\/span><\/div>\n\n<\/div><\/a><\/div><\/figure>[\/vc_column][\/vc_row]\n","protected":false},"excerpt":{"rendered":"","protected":false},"author":1,"featured_media":518,"parent":0,"menu_order":0,"comment_status":"closed","ping_status":"closed","template":"","meta":{"inline_featured_image":false,"footnotes":""},"class_list":["post-105","page","type-page","status-publish","has-post-thumbnail","hentry","entry","no-media"],"yoast_head":"<!-- This site is optimized with the Yoast SEO plugin v26.8 - https:\/\/yoast.com\/product\/yoast-seo-wordpress\/ -->\n<title>Kontakt - Tierarzt Maik L\u00f6ffler<\/title>\n<meta name=\"description\" content=\"M\u00f6chten Sie mit uns Kontakt aufnehmen, rufen Sie, wenn m\u00f6glich, direkt in der Sprechstunde an. Hier finden Sie alle Informationen.\" \/>\n<meta name=\"robots\" content=\"noindex, follow, max-snippet:-1, max-image-preview:large, max-video-preview:-1\" \/>\n<meta property=\"og:locale\" content=\"de_DE\" \/>\n<meta property=\"og:type\" content=\"article\" \/>\n<meta property=\"og:title\" content=\"Kontakt - Tierarzt Maik L\u00f6ffler\" \/>\n<meta property=\"og:description\" content=\"M\u00f6chten Sie mit uns Kontakt aufnehmen, rufen Sie, wenn m\u00f6glich, direkt in der Sprechstunde an. Hier finden Sie alle Informationen.\" \/>\n<meta property=\"og:url\" content=\"https:\/\/impulskreation.net\/tierarzt\/kontakt\/\" \/>\n<meta property=\"og:site_name\" content=\"Tierarzt Maik L\u00f6ffler\" \/>\n<meta property=\"article:modified_time\" content=\"2022-08-18T17:04:55+00:00\" \/>\n<meta property=\"og:image\" content=\"https:\/\/impulskreation.net\/tierarzt\/wp-content\/uploads\/banner-kontakt2-1.jpg\" \/>\n\t<meta property=\"og:image:width\" content=\"2000\" \/>\n\t<meta property=\"og:image:height\" content=\"450\" \/>\n\t<meta property=\"og:image:type\" content=\"image\/jpeg\" \/>\n<meta name=\"twitter:card\" content=\"summary_large_image\" \/>\n<meta name=\"twitter:label1\" content=\"Gesch\u00e4tzte Lesezeit\" \/>\n\t<meta name=\"twitter:data1\" content=\"1\u00a0Minute\" \/>\n<script type=\"application\/ld+json\" class=\"yoast-schema-graph\">{\"@context\":\"https:\/\/schema.org\",\"@graph\":[{\"@type\":[\"WebPage\",\"ContactPage\"],\"@id\":\"https:\/\/impulskreation.net\/tierarzt\/kontakt\/\",\"url\":\"https:\/\/impulskreation.net\/tierarzt\/kontakt\/\",\"name\":\"Kontakt - Tierarzt Maik L\u00f6ffler\",\"isPartOf\":{\"@id\":\"http:\/\/impulskreation.net\/tierarzt\/#website\"},\"primaryImageOfPage\":{\"@id\":\"https:\/\/impulskreation.net\/tierarzt\/kontakt\/#primaryimage\"},\"image\":{\"@id\":\"https:\/\/impulskreation.net\/tierarzt\/kontakt\/#primaryimage\"},\"thumbnailUrl\":\"https:\/\/impulskreation.net\/tierarzt\/wp-content\/uploads\/banner-kontakt2-1.jpg\",\"datePublished\":\"2022-03-24T17:12:46+00:00\",\"dateModified\":\"2022-08-18T17:04:55+00:00\",\"description\":\"M\u00f6chten Sie mit uns Kontakt aufnehmen, rufen Sie, wenn m\u00f6glich, direkt in der Sprechstunde an. Hier finden Sie alle Informationen.\",\"breadcrumb\":{\"@id\":\"https:\/\/impulskreation.net\/tierarzt\/kontakt\/#breadcrumb\"},\"inLanguage\":\"de\",\"potentialAction\":[{\"@type\":\"ReadAction\",\"target\":[\"https:\/\/impulskreation.net\/tierarzt\/kontakt\/\"]}]},{\"@type\":\"ImageObject\",\"inLanguage\":\"de\",\"@id\":\"https:\/\/impulskreation.net\/tierarzt\/kontakt\/#primaryimage\",\"url\":\"https:\/\/impulskreation.net\/tierarzt\/wp-content\/uploads\/banner-kontakt2-1.jpg\",\"contentUrl\":\"https:\/\/impulskreation.net\/tierarzt\/wp-content\/uploads\/banner-kontakt2-1.jpg\",\"width\":2000,\"height\":450},{\"@type\":\"BreadcrumbList\",\"@id\":\"https:\/\/impulskreation.net\/tierarzt\/kontakt\/#breadcrumb\",\"itemListElement\":[{\"@type\":\"ListItem\",\"position\":1,\"name\":\"Startseite\",\"item\":\"http:\/\/impulskreation.net\/tierarzt\/\"},{\"@type\":\"ListItem\",\"position\":2,\"name\":\"Kontakt\"}]},{\"@type\":\"WebSite\",\"@id\":\"http:\/\/impulskreation.net\/tierarzt\/#website\",\"url\":\"http:\/\/impulskreation.net\/tierarzt\/\",\"name\":\"Tierarzt Maik L\u00f6ffler\",\"description\":\"Die Tierarztpraxis mit Herz in Mitwitz\",\"publisher\":{\"@id\":\"http:\/\/impulskreation.net\/tierarzt\/#organization\"},\"potentialAction\":[{\"@type\":\"SearchAction\",\"target\":{\"@type\":\"EntryPoint\",\"urlTemplate\":\"http:\/\/impulskreation.net\/tierarzt\/?s={search_term_string}\"},\"query-input\":{\"@type\":\"PropertyValueSpecification\",\"valueRequired\":true,\"valueName\":\"search_term_string\"}}],\"inLanguage\":\"de\"},{\"@type\":\"Organization\",\"@id\":\"http:\/\/impulskreation.net\/tierarzt\/#organization\",\"name\":\"Tierarzt Maik L\u00f6ffler\",\"url\":\"http:\/\/impulskreation.net\/tierarzt\/\",\"logo\":{\"@type\":\"ImageObject\",\"inLanguage\":\"de\",\"@id\":\"http:\/\/impulskreation.net\/tierarzt\/#\/schema\/logo\/image\/\",\"url\":\"https:\/\/impulskreation.net\/tierarzt\/wp-content\/uploads\/logo8-1.svg\",\"contentUrl\":\"https:\/\/impulskreation.net\/tierarzt\/wp-content\/uploads\/logo8-1.svg\",\"width\":1123,\"height\":257,\"caption\":\"Tierarzt Maik L\u00f6ffler\"},\"image\":{\"@id\":\"http:\/\/impulskreation.net\/tierarzt\/#\/schema\/logo\/image\/\"}}]}<\/script>\n<!-- \/ Yoast SEO plugin. -->","yoast_head_json":{"title":"Kontakt - Tierarzt Maik L\u00f6ffler","description":"M\u00f6chten Sie mit uns Kontakt aufnehmen, rufen Sie, wenn m\u00f6glich, direkt in der Sprechstunde an. Hier finden Sie alle Informationen.","robots":{"index":"noindex","follow":"follow","max-snippet":"max-snippet:-1","max-image-preview":"max-image-preview:large","max-video-preview":"max-video-preview:-1"},"og_locale":"de_DE","og_type":"article","og_title":"Kontakt - Tierarzt Maik L\u00f6ffler","og_description":"M\u00f6chten Sie mit uns Kontakt aufnehmen, rufen Sie, wenn m\u00f6glich, direkt in der Sprechstunde an. Hier finden Sie alle Informationen.","og_url":"https:\/\/impulskreation.net\/tierarzt\/kontakt\/","og_site_name":"Tierarzt Maik L\u00f6ffler","article_modified_time":"2022-08-18T17:04:55+00:00","og_image":[{"width":2000,"height":450,"url":"https:\/\/impulskreation.net\/tierarzt\/wp-content\/uploads\/banner-kontakt2-1.jpg","type":"image\/jpeg"}],"twitter_card":"summary_large_image","twitter_misc":{"Gesch\u00e4tzte Lesezeit":"1\u00a0Minute"},"schema":{"@context":"https:\/\/schema.org","@graph":[{"@type":["WebPage","ContactPage"],"@id":"https:\/\/impulskreation.net\/tierarzt\/kontakt\/","url":"https:\/\/impulskreation.net\/tierarzt\/kontakt\/","name":"Kontakt - Tierarzt Maik L\u00f6ffler","isPartOf":{"@id":"http:\/\/impulskreation.net\/tierarzt\/#website"},"primaryImageOfPage":{"@id":"https:\/\/impulskreation.net\/tierarzt\/kontakt\/#primaryimage"},"image":{"@id":"https:\/\/impulskreation.net\/tierarzt\/kontakt\/#primaryimage"},"thumbnailUrl":"https:\/\/impulskreation.net\/tierarzt\/wp-content\/uploads\/banner-kontakt2-1.jpg","datePublished":"2022-03-24T17:12:46+00:00","dateModified":"2022-08-18T17:04:55+00:00","description":"M\u00f6chten Sie mit uns Kontakt aufnehmen, rufen Sie, wenn m\u00f6glich, direkt in der Sprechstunde an. Hier finden Sie alle Informationen.","breadcrumb":{"@id":"https:\/\/impulskreation.net\/tierarzt\/kontakt\/#breadcrumb"},"inLanguage":"de","potentialAction":[{"@type":"ReadAction","target":["https:\/\/impulskreation.net\/tierarzt\/kontakt\/"]}]},{"@type":"ImageObject","inLanguage":"de","@id":"https:\/\/impulskreation.net\/tierarzt\/kontakt\/#primaryimage","url":"https:\/\/impulskreation.net\/tierarzt\/wp-content\/uploads\/banner-kontakt2-1.jpg","contentUrl":"https:\/\/impulskreation.net\/tierarzt\/wp-content\/uploads\/banner-kontakt2-1.jpg","width":2000,"height":450},{"@type":"BreadcrumbList","@id":"https:\/\/impulskreation.net\/tierarzt\/kontakt\/#breadcrumb","itemListElement":[{"@type":"ListItem","position":1,"name":"Startseite","item":"http:\/\/impulskreation.net\/tierarzt\/"},{"@type":"ListItem","position":2,"name":"Kontakt"}]},{"@type":"WebSite","@id":"http:\/\/impulskreation.net\/tierarzt\/#website","url":"http:\/\/impulskreation.net\/tierarzt\/","name":"Tierarzt Maik L\u00f6ffler","description":"Die Tierarztpraxis mit Herz in Mitwitz","publisher":{"@id":"http:\/\/impulskreation.net\/tierarzt\/#organization"},"potentialAction":[{"@type":"SearchAction","target":{"@type":"EntryPoint","urlTemplate":"http:\/\/impulskreation.net\/tierarzt\/?s={search_term_string}"},"query-input":{"@type":"PropertyValueSpecification","valueRequired":true,"valueName":"search_term_string"}}],"inLanguage":"de"},{"@type":"Organization","@id":"http:\/\/impulskreation.net\/tierarzt\/#organization","name":"Tierarzt Maik L\u00f6ffler","url":"http:\/\/impulskreation.net\/tierarzt\/","logo":{"@type":"ImageObject","inLanguage":"de","@id":"http:\/\/impulskreation.net\/tierarzt\/#\/schema\/logo\/image\/","url":"https:\/\/impulskreation.net\/tierarzt\/wp-content\/uploads\/logo8-1.svg","contentUrl":"https:\/\/impulskreation.net\/tierarzt\/wp-content\/uploads\/logo8-1.svg","width":1123,"height":257,"caption":"Tierarzt Maik L\u00f6ffler"},"image":{"@id":"http:\/\/impulskreation.net\/tierarzt\/#\/schema\/logo\/image\/"}}]}},"publishpress_future_action":{"enabled":false,"date":"2026-04-11 01:24:51","action":"change-status","newStatus":"draft","terms":[],"taxonomy":"","extraData":[]},"publishpress_future_workflow_manual_trigger":{"enabledWorkflows":[]},"_links":{"self":[{"href":"https:\/\/impulskreation.net\/tierarzt\/wp-json\/wp\/v2\/pages\/105","targetHints":{"allow":["GET"]}}],"collection":[{"href":"https:\/\/impulskreation.net\/tierarzt\/wp-json\/wp\/v2\/pages"}],"about":[{"href":"https:\/\/impulskreation.net\/tierarzt\/wp-json\/wp\/v2\/types\/page"}],"author":[{"embeddable":true,"href":"https:\/\/impulskreation.net\/tierarzt\/wp-json\/wp\/v2\/users\/1"}],"replies":[{"embeddable":true,"href":"https:\/\/impulskreation.net\/tierarzt\/wp-json\/wp\/v2\/comments?post=105"}],"version-history":[{"count":23,"href":"https:\/\/impulskreation.net\/tierarzt\/wp-json\/wp\/v2\/pages\/105\/revisions"}],"predecessor-version":[{"id":1033,"href":"https:\/\/impulskreation.net\/tierarzt\/wp-json\/wp\/v2\/pages\/105\/revisions\/1033"}],"wp:featuredmedia":[{"embeddable":true,"href":"https:\/\/impulskreation.net\/tierarzt\/wp-json\/wp\/v2\/media\/518"}],"wp:attachment":[{"href":"https:\/\/impulskreation.net\/tierarzt\/wp-json\/wp\/v2\/media?parent=105"}],"curies":[{"name":"wp","href":"https:\/\/api.w.org\/{rel}","templated":true}]}}