{"id":728,"date":"2022-05-09T11:13:11","date_gmt":"2022-05-09T09:13:11","guid":{"rendered":"http:\/\/impulskreation.net\/tierarzt\/?page_id=728"},"modified":"2022-08-18T18:47:24","modified_gmt":"2022-08-18T16:47:24","slug":"leistungen-fuer-gefluegelzuechter","status":"publish","type":"page","link":"https:\/\/impulskreation.net\/tierarzt\/leistungen-fuer-gefluegelzuechter\/","title":{"rendered":"Leistungen f\u00fcr Gefl\u00fcgelz\u00fcchter"},"content":{"rendered":"[vc_row full_width=&#8220;stretch_row_content_no_spaces&#8220; remove_bottom_col_margin=&#8220;true&#8220;][vc_column]<div class=\"vcex-module vcex-image-banner wpex-flex wpex-flex-col wpex-justify-center wpex-relative wpex-overflow-hidden wpex-max-w-100 wpex-bg-gray-900 wpex-text-white wpex-text-center header-banner\" ><span class=\"vcex-ib-img wpex-block wpex-z-1 wpex-transition-all wpex-duration-500 wpex-bg-cover wpex-absolute wpex-inset-0\" style=\"background-image:url(https:\/\/impulskreation.net\/tierarzt\/wp-content\/uploads\/banner-gzucht.jpg);background-position:center bottom;\"><\/span><div class=\"vcex-ib-overlay wpex-absolute wpex-z-5 wpex-inset-0 wpex-transition-all wpex-duration-500\"><div class=\"vcex-ib-overlay-bg wpex-absolute wpex-inset-0 wpex-bg-black wpex-opacity-30\"><\/div><\/div><div class=\"vcex-ib-content-wrap wpex-z-10 wpex-w-100 wpex-transition-all wpex-duration-500 wpex-relative wpex-clr\"><div class=\"vcex-ib-content wpex-mx-auto wpex-clr\"><style>.vcex_69d04c4a6d7bb{font-size:50px!important;}@media (max-width:479px){.vcex_69d04c4a6d7bb{font-size:35px!important;}}<\/style><div class=\"vcex-ib-title wpex-heading wpex-inherit-color-important vcex_69d04c4a6d7bb\">Leistungen f\u00fcr Gefl\u00fcgelz\u00fcchter<\/div><\/div><\/div><\/div>[\/vc_column][\/vc_row][vc_row full_width=&#8220;stretch_row&#8220;][vc_column]<div class=\"vcex-spacing wpex-w-100 wpex-clear\"><\/div>[vc_column_text]Als erfahrene und leidenschaftliche Vogelhalter und Gefl\u00fcgelz\u00fcchter (seit 1975) kennen wir uns mit unseren gefiederten Freunden besonders gut aus. Deshalb bieten wir, zus\u00e4tzlich zu unseren allgemeinen Praxisleistungen, f\u00fcr Gefl\u00fcgelz\u00fcchter noch folgende Leistungen an.[\/vc_column_text][\/vc_column][\/vc_row][vc_row full_width=&#8220;stretch_row&#8220;][vc_column][vc_column_text]\n<h3>Kotprobenuntersuchungen<\/h3>\n<ul>\n<li>auf parasit\u00e4re Erreger, auch mittels eigener Untersuchungsmethoden f\u00fcr doppelte Sicherheit, Beispiele: Kokzidien, alle Wurmarten, &#8230;<\/li>\n<li>auf bakterielle Erreger, welche 95% aller Erkrankungen in diesem Bereich ausl\u00f6sen. Beispiele: Salmonellen, E. coli, Pseudomonaden, verschiedene Kokken, Chlamydien, usw.<\/li>\n<li>Gei\u00dfeltierchen und Pilze, Aspergillose- und andere Pilze, Kryptosporidien<\/li>\n<li>Mikroskopiert wird mit zwei modernen Mikroskopen mit Videoausstattung, so kann auch an jedem Bildschirm gezeigt und dokumentiert werden, was bei den Beprobungen herausgekommen ist.<\/li>\n<li>Schnelltest auf Giardienbefall, Kryptosporidien etc.<\/li>\n<li>Anfertigung von Antibiogrammen nach Keimanz\u00fcchtung und Differenzierung, ein Befund Salmonellose nutzt allein nicht viel, ein erfahrener Tierarzt wei\u00df das allein schon aus dem Vorbericht zu diagnostizieren, wichtiger ist im Labor herauszufinden, welche Medikamente im betreffenden Bestand die beste Wirksamkeit haben, der Zeitbedarf liegt bei 3 Tagen.<\/li>\n<\/ul>\n<h3>Tupferproben \/ Endoskopieproben<\/h3>\n<ul>\n<li>Kropftupferproben k\u00f6nnen auf Flagellatenbefall wie z.B. auf Gelben Knopf, Pilzbesatz, Zellver\u00e4nderungen, Bakterienrasen untersucht werden &#8211; Ergebnis sofort<\/li>\n<li>Kloackentupfer aus dem Kotsammelraum (tiefer liegender Vorhof) bringen \u00e4hnliche Ergebnisse wie Kropftupfer, nur dort nicht Spironucleosebefunde, Parasitosen etc..<\/li>\n<li>Endoskopieproben k\u00f6nnen unter Sichtkontrolle aus der Tiefe des K\u00f6rpers gewonnen werden<\/li>\n<\/ul>\n[\/vc_column_text][\/vc_column][\/vc_row]\n","protected":false},"excerpt":{"rendered":"<p>[vc_row full_width=&#8220;stretch_row_content_no_spaces&#8220; remove_bottom_col_margin=&#8220;true&#8220;][vc_column][\/vc_column][\/vc_row][vc_row full_width=&#8220;stretch_row&#8220;][vc_column][vc_column_text]Als erfahrene und leidenschaftliche Vogelhalter und Gefl\u00fcgelz\u00fcchter (seit 1975) kennen wir uns mit unseren gefiederten Freunden besonders gut aus. Deshalb bieten wir, zus\u00e4tzlich zu unseren allgemeinen Praxisleistungen, f\u00fcr Gefl\u00fcgelz\u00fcchter noch folgende Leistungen an.[\/vc_column_text][\/vc_column][\/vc_row][vc_row full_width=&#8220;stretch_row&#8220;][vc_column][vc_column_text] Kotprobenuntersuchungen auf parasit\u00e4re Erreger, auch mittels eigener Untersuchungsmethoden f\u00fcr doppelte Sicherheit, Beispiele: Kokzidien, alle Wurmarten, &#8230; auf bakterielle&hellip;<\/p>\n","protected":false},"author":1,"featured_media":747,"parent":0,"menu_order":0,"comment_status":"closed","ping_status":"closed","template":"","meta":{"inline_featured_image":false,"footnotes":""},"class_list":["post-728","page","type-page","status-publish","has-post-thumbnail","hentry","entry","has-media"],"yoast_head":"<!-- This site is optimized with the Yoast SEO plugin v26.8 - https:\/\/yoast.com\/product\/yoast-seo-wordpress\/ -->\n<title>Leistungen f\u00fcr Gefl\u00fcgelz\u00fcchter - Tierarzt Maik L\u00f6ffler<\/title>\n<meta name=\"description\" content=\"Wir bieten zus\u00e4tzlich zu unseren allgemeinen Praxisleistungen, speziell f\u00fcr Gefl\u00fcgelz\u00fcchter noch weitere Leistungen an.\" \/>\n<meta name=\"robots\" content=\"noindex, follow, max-snippet:-1, max-image-preview:large, max-video-preview:-1\" \/>\n<meta property=\"og:locale\" content=\"de_DE\" \/>\n<meta property=\"og:type\" content=\"article\" \/>\n<meta property=\"og:title\" content=\"Leistungen f\u00fcr Gefl\u00fcgelz\u00fcchter - Tierarzt Maik L\u00f6ffler\" \/>\n<meta property=\"og:description\" content=\"Wir bieten zus\u00e4tzlich zu unseren allgemeinen Praxisleistungen, speziell f\u00fcr Gefl\u00fcgelz\u00fcchter noch weitere Leistungen an.\" \/>\n<meta property=\"og:url\" content=\"https:\/\/impulskreation.net\/tierarzt\/leistungen-fuer-gefluegelzuechter\/\" \/>\n<meta property=\"og:site_name\" content=\"Tierarzt Maik L\u00f6ffler\" \/>\n<meta property=\"article:modified_time\" content=\"2022-08-18T16:47:24+00:00\" \/>\n<meta property=\"og:image\" content=\"https:\/\/impulskreation.net\/tierarzt\/wp-content\/uploads\/banner-gzucht.jpg\" \/>\n\t<meta property=\"og:image:width\" content=\"2000\" \/>\n\t<meta property=\"og:image:height\" content=\"450\" \/>\n\t<meta property=\"og:image:type\" content=\"image\/jpeg\" \/>\n<meta name=\"twitter:card\" content=\"summary_large_image\" \/>\n<meta name=\"twitter:label1\" content=\"Gesch\u00e4tzte Lesezeit\" \/>\n\t<meta name=\"twitter:data1\" content=\"2\u00a0Minuten\" \/>\n<script type=\"application\/ld+json\" class=\"yoast-schema-graph\">{\"@context\":\"https:\/\/schema.org\",\"@graph\":[{\"@type\":\"WebPage\",\"@id\":\"https:\/\/impulskreation.net\/tierarzt\/leistungen-fuer-gefluegelzuechter\/\",\"url\":\"https:\/\/impulskreation.net\/tierarzt\/leistungen-fuer-gefluegelzuechter\/\",\"name\":\"Leistungen f\u00fcr Gefl\u00fcgelz\u00fcchter - Tierarzt Maik L\u00f6ffler\",\"isPartOf\":{\"@id\":\"http:\/\/impulskreation.net\/tierarzt\/#website\"},\"primaryImageOfPage\":{\"@id\":\"https:\/\/impulskreation.net\/tierarzt\/leistungen-fuer-gefluegelzuechter\/#primaryimage\"},\"image\":{\"@id\":\"https:\/\/impulskreation.net\/tierarzt\/leistungen-fuer-gefluegelzuechter\/#primaryimage\"},\"thumbnailUrl\":\"https:\/\/impulskreation.net\/tierarzt\/wp-content\/uploads\/banner-gzucht.jpg\",\"datePublished\":\"2022-05-09T09:13:11+00:00\",\"dateModified\":\"2022-08-18T16:47:24+00:00\",\"description\":\"Wir bieten zus\u00e4tzlich zu unseren allgemeinen Praxisleistungen, speziell f\u00fcr Gefl\u00fcgelz\u00fcchter noch weitere Leistungen an.\",\"breadcrumb\":{\"@id\":\"https:\/\/impulskreation.net\/tierarzt\/leistungen-fuer-gefluegelzuechter\/#breadcrumb\"},\"inLanguage\":\"de\",\"potentialAction\":[{\"@type\":\"ReadAction\",\"target\":[\"https:\/\/impulskreation.net\/tierarzt\/leistungen-fuer-gefluegelzuechter\/\"]}]},{\"@type\":\"ImageObject\",\"inLanguage\":\"de\",\"@id\":\"https:\/\/impulskreation.net\/tierarzt\/leistungen-fuer-gefluegelzuechter\/#primaryimage\",\"url\":\"https:\/\/impulskreation.net\/tierarzt\/wp-content\/uploads\/banner-gzucht.jpg\",\"contentUrl\":\"https:\/\/impulskreation.net\/tierarzt\/wp-content\/uploads\/banner-gzucht.jpg\",\"width\":2000,\"height\":450,\"caption\":\"Gefl\u00fcgelz\u00fcchter\"},{\"@type\":\"BreadcrumbList\",\"@id\":\"https:\/\/impulskreation.net\/tierarzt\/leistungen-fuer-gefluegelzuechter\/#breadcrumb\",\"itemListElement\":[{\"@type\":\"ListItem\",\"position\":1,\"name\":\"Startseite\",\"item\":\"http:\/\/impulskreation.net\/tierarzt\/\"},{\"@type\":\"ListItem\",\"position\":2,\"name\":\"Leistungen f\u00fcr Gefl\u00fcgelz\u00fcchter\"}]},{\"@type\":\"WebSite\",\"@id\":\"http:\/\/impulskreation.net\/tierarzt\/#website\",\"url\":\"http:\/\/impulskreation.net\/tierarzt\/\",\"name\":\"Tierarzt Maik L\u00f6ffler\",\"description\":\"Die Tierarztpraxis mit Herz in Mitwitz\",\"publisher\":{\"@id\":\"http:\/\/impulskreation.net\/tierarzt\/#organization\"},\"potentialAction\":[{\"@type\":\"SearchAction\",\"target\":{\"@type\":\"EntryPoint\",\"urlTemplate\":\"http:\/\/impulskreation.net\/tierarzt\/?s={search_term_string}\"},\"query-input\":{\"@type\":\"PropertyValueSpecification\",\"valueRequired\":true,\"valueName\":\"search_term_string\"}}],\"inLanguage\":\"de\"},{\"@type\":\"Organization\",\"@id\":\"http:\/\/impulskreation.net\/tierarzt\/#organization\",\"name\":\"Tierarzt Maik L\u00f6ffler\",\"url\":\"http:\/\/impulskreation.net\/tierarzt\/\",\"logo\":{\"@type\":\"ImageObject\",\"inLanguage\":\"de\",\"@id\":\"http:\/\/impulskreation.net\/tierarzt\/#\/schema\/logo\/image\/\",\"url\":\"https:\/\/impulskreation.net\/tierarzt\/wp-content\/uploads\/logo8-1.svg\",\"contentUrl\":\"https:\/\/impulskreation.net\/tierarzt\/wp-content\/uploads\/logo8-1.svg\",\"width\":1123,\"height\":257,\"caption\":\"Tierarzt Maik L\u00f6ffler\"},\"image\":{\"@id\":\"http:\/\/impulskreation.net\/tierarzt\/#\/schema\/logo\/image\/\"}}]}<\/script>\n<!-- \/ Yoast SEO plugin. -->","yoast_head_json":{"title":"Leistungen f\u00fcr Gefl\u00fcgelz\u00fcchter - Tierarzt Maik L\u00f6ffler","description":"Wir bieten zus\u00e4tzlich zu unseren allgemeinen Praxisleistungen, speziell f\u00fcr Gefl\u00fcgelz\u00fcchter noch weitere Leistungen an.","robots":{"index":"noindex","follow":"follow","max-snippet":"max-snippet:-1","max-image-preview":"max-image-preview:large","max-video-preview":"max-video-preview:-1"},"og_locale":"de_DE","og_type":"article","og_title":"Leistungen f\u00fcr Gefl\u00fcgelz\u00fcchter - Tierarzt Maik L\u00f6ffler","og_description":"Wir bieten zus\u00e4tzlich zu unseren allgemeinen Praxisleistungen, speziell f\u00fcr Gefl\u00fcgelz\u00fcchter noch weitere Leistungen an.","og_url":"https:\/\/impulskreation.net\/tierarzt\/leistungen-fuer-gefluegelzuechter\/","og_site_name":"Tierarzt Maik L\u00f6ffler","article_modified_time":"2022-08-18T16:47:24+00:00","og_image":[{"width":2000,"height":450,"url":"https:\/\/impulskreation.net\/tierarzt\/wp-content\/uploads\/banner-gzucht.jpg","type":"image\/jpeg"}],"twitter_card":"summary_large_image","twitter_misc":{"Gesch\u00e4tzte Lesezeit":"2\u00a0Minuten"},"schema":{"@context":"https:\/\/schema.org","@graph":[{"@type":"WebPage","@id":"https:\/\/impulskreation.net\/tierarzt\/leistungen-fuer-gefluegelzuechter\/","url":"https:\/\/impulskreation.net\/tierarzt\/leistungen-fuer-gefluegelzuechter\/","name":"Leistungen f\u00fcr Gefl\u00fcgelz\u00fcchter - Tierarzt Maik L\u00f6ffler","isPartOf":{"@id":"http:\/\/impulskreation.net\/tierarzt\/#website"},"primaryImageOfPage":{"@id":"https:\/\/impulskreation.net\/tierarzt\/leistungen-fuer-gefluegelzuechter\/#primaryimage"},"image":{"@id":"https:\/\/impulskreation.net\/tierarzt\/leistungen-fuer-gefluegelzuechter\/#primaryimage"},"thumbnailUrl":"https:\/\/impulskreation.net\/tierarzt\/wp-content\/uploads\/banner-gzucht.jpg","datePublished":"2022-05-09T09:13:11+00:00","dateModified":"2022-08-18T16:47:24+00:00","description":"Wir bieten zus\u00e4tzlich zu unseren allgemeinen Praxisleistungen, speziell f\u00fcr Gefl\u00fcgelz\u00fcchter noch weitere Leistungen an.","breadcrumb":{"@id":"https:\/\/impulskreation.net\/tierarzt\/leistungen-fuer-gefluegelzuechter\/#breadcrumb"},"inLanguage":"de","potentialAction":[{"@type":"ReadAction","target":["https:\/\/impulskreation.net\/tierarzt\/leistungen-fuer-gefluegelzuechter\/"]}]},{"@type":"ImageObject","inLanguage":"de","@id":"https:\/\/impulskreation.net\/tierarzt\/leistungen-fuer-gefluegelzuechter\/#primaryimage","url":"https:\/\/impulskreation.net\/tierarzt\/wp-content\/uploads\/banner-gzucht.jpg","contentUrl":"https:\/\/impulskreation.net\/tierarzt\/wp-content\/uploads\/banner-gzucht.jpg","width":2000,"height":450,"caption":"Gefl\u00fcgelz\u00fcchter"},{"@type":"BreadcrumbList","@id":"https:\/\/impulskreation.net\/tierarzt\/leistungen-fuer-gefluegelzuechter\/#breadcrumb","itemListElement":[{"@type":"ListItem","position":1,"name":"Startseite","item":"http:\/\/impulskreation.net\/tierarzt\/"},{"@type":"ListItem","position":2,"name":"Leistungen f\u00fcr Gefl\u00fcgelz\u00fcchter"}]},{"@type":"WebSite","@id":"http:\/\/impulskreation.net\/tierarzt\/#website","url":"http:\/\/impulskreation.net\/tierarzt\/","name":"Tierarzt Maik L\u00f6ffler","description":"Die Tierarztpraxis mit Herz in Mitwitz","publisher":{"@id":"http:\/\/impulskreation.net\/tierarzt\/#organization"},"potentialAction":[{"@type":"SearchAction","target":{"@type":"EntryPoint","urlTemplate":"http:\/\/impulskreation.net\/tierarzt\/?s={search_term_string}"},"query-input":{"@type":"PropertyValueSpecification","valueRequired":true,"valueName":"search_term_string"}}],"inLanguage":"de"},{"@type":"Organization","@id":"http:\/\/impulskreation.net\/tierarzt\/#organization","name":"Tierarzt Maik L\u00f6ffler","url":"http:\/\/impulskreation.net\/tierarzt\/","logo":{"@type":"ImageObject","inLanguage":"de","@id":"http:\/\/impulskreation.net\/tierarzt\/#\/schema\/logo\/image\/","url":"https:\/\/impulskreation.net\/tierarzt\/wp-content\/uploads\/logo8-1.svg","contentUrl":"https:\/\/impulskreation.net\/tierarzt\/wp-content\/uploads\/logo8-1.svg","width":1123,"height":257,"caption":"Tierarzt Maik L\u00f6ffler"},"image":{"@id":"http:\/\/impulskreation.net\/tierarzt\/#\/schema\/logo\/image\/"}}]}},"publishpress_future_action":{"enabled":false,"date":"2026-04-11 01:24:58","action":"change-status","newStatus":"draft","terms":[],"taxonomy":"","extraData":[]},"publishpress_future_workflow_manual_trigger":{"enabledWorkflows":[]},"_links":{"self":[{"href":"https:\/\/impulskreation.net\/tierarzt\/wp-json\/wp\/v2\/pages\/728","targetHints":{"allow":["GET"]}}],"collection":[{"href":"https:\/\/impulskreation.net\/tierarzt\/wp-json\/wp\/v2\/pages"}],"about":[{"href":"https:\/\/impulskreation.net\/tierarzt\/wp-json\/wp\/v2\/types\/page"}],"author":[{"embeddable":true,"href":"https:\/\/impulskreation.net\/tierarzt\/wp-json\/wp\/v2\/users\/1"}],"replies":[{"embeddable":true,"href":"https:\/\/impulskreation.net\/tierarzt\/wp-json\/wp\/v2\/comments?post=728"}],"version-history":[{"count":8,"href":"https:\/\/impulskreation.net\/tierarzt\/wp-json\/wp\/v2\/pages\/728\/revisions"}],"predecessor-version":[{"id":745,"href":"https:\/\/impulskreation.net\/tierarzt\/wp-json\/wp\/v2\/pages\/728\/revisions\/745"}],"wp:featuredmedia":[{"embeddable":true,"href":"https:\/\/impulskreation.net\/tierarzt\/wp-json\/wp\/v2\/media\/747"}],"wp:attachment":[{"href":"https:\/\/impulskreation.net\/tierarzt\/wp-json\/wp\/v2\/media?parent=728"}],"curies":[{"name":"wp","href":"https:\/\/api.w.org\/{rel}","templated":true}]}}