{"id":664,"date":"2024-02-08T13:58:40","date_gmt":"2024-02-08T12:58:40","guid":{"rendered":"http:\/\/impulskreation.net\/villa-alberto\/?page_id=664"},"modified":"2024-04-20T11:24:38","modified_gmt":"2024-04-20T09:24:38","slug":"agb","status":"publish","type":"page","link":"https:\/\/impulskreation.net\/villa-alberto\/agb\/","title":{"rendered":"Allgemeine Gesch\u00e4ftsbedingungen"},"content":{"rendered":"<div class=\"wpb-content-wrapper\">[vc_row][vc_column][vc_column_text font_family=&#8220;Montserrat&#8220;]\n<h3 style=\"text-align: center;\">Allgemeine Gesch\u00e4ftsbedingungen (AGB) &#8211; \u201eVilla Alberto\u201c<\/h3>\n<p><strong>Vermieter:<\/strong><br \/>\nAlbert und Luise Fischer<br \/>\nFriesen 32<br \/>\n96317 Kronach<\/p>\n<h4>1. Check-In \/ Check-Out<\/h4>\n<p>Zeitfenster f\u00fcr den Check-In 15:00 \u2013 20:00 Uhr.<br \/>\nCheck-Out-Zeit bis 10:00 Uhr.<br \/>\nDer Check-In erfolgt \u00fcber einen Key-Safe.<br \/>\nDen erforderlichen Code erhalten Sie mit der Buchungsbest\u00e4tigung nach der Zahlung des Mietbetrages. Andere An- und Abreisezeiten k\u00f6nnen mit dem Vermieter individuell vereinbart werden.<br \/>\nSollte der Mieter am Anreisetag bis 20:00 Uhr nicht erscheinen, gilt der Vertrag nach einer Frist von 24 Stunden ohne Benachrichtigung an den Vermieter als gek\u00fcndigt.<br \/>\nDer Vermieter oder dessen Vertreter kann dann \u00fcber das Objekt frei verf\u00fcgen.<br \/>\nEine (anteilige) R\u00fcckzahlung der Miete aufgrund verfr\u00fchter Abreise erfolgt grunds\u00e4tzlich nicht.<\/p>\n<h4>2. Sonderw\u00fcnsche und Nebenabreden<\/h4>\n<p>sind grunds\u00e4tzlich m\u00f6glich. Sie bed\u00fcrfen der schriftlichen Best\u00e4tigung durch den Vermieter.<br \/>\nBei Haustieren ist Art und Gr\u00f6\u00dfe anzugeben.<\/p>\n<h4>3. Bezahlung<\/h4>\n<p>Der Mietvertrag erh\u00e4lt mit Eingang der Zahlung auf das Konto des Vermieters seine G\u00fcltigkeit.<br \/>\nDie Zahlung des Mietbetrages ist sofort mit der Buchung zur Zahlung f\u00e4llig.<br \/>\nWird die Zahlungsfrist nicht eingehalten, so kann der Vermieter vom Vertrag zur\u00fccktreten.<br \/>\nDie Nichtzahlung gilt als R\u00fccktritt und berechtigt zur Neuvermietung.<br \/>\nNebenkosten f\u00fcr Energie, Wasser, PKW-Stellplatz, Abfall werden nicht erhoben.<\/p>\n<h4>4. R\u00fccktritt<\/h4>\n<p>Sie k\u00f6nnen jederzeit vom Vertrag zur\u00fccktreten.<br \/>\nDer R\u00fccktritt muss schriftlich erfolgen.<br \/>\nIm Falle des R\u00fccktritts sind Sie zum Ersatz des uns entstandenen Schadens verpflichtet:<\/p>\n<p>&#8211; vom Tag der Buchungsbest\u00e4tigung durch den Vermieter bis zum 60. Tag vor Mietbeginn keine Entsch\u00e4digung<br \/>\n&#8211; vom 59. Tag bis zum 15. Tag vor Mietbeginn 50% des Gesamtpreises<br \/>\n&#8211; vom 14. Tag bis zum 8. Tag vor Mietbeginn 80% des Gesamtpreises<\/p>\n<p>Bei einem R\u00fccktritt weniger als acht Tage vor Mietbeginn ist der volle Reisepreis zu zahlen.<br \/>\nEs z\u00e4hlt jeweils das Empfangsdatum Ihrer R\u00fccktrittsnachricht.<br \/>\nBereits eingezahlte Betr\u00e4ge werden verrechnet.<br \/>\nEine Ersatzperson, die zu genannten Bedingungen in Ihren Vertrag eintritt, kann von Ihnen gestellt werden.<br \/>\nEine schriftliche Benachrichtigung gen\u00fcgt.<\/p>\n<h4>5. Pflichten des Mieters<\/h4>\n<p>Der Mieter verpflichtet sich, die gemieteten Sachen (z.B. Ferienwohnung, Inventar und Au\u00dfenanlagen) pfleglich zu behandeln.<br \/>\nWenn w\u00e4hrend des Mietverh\u00e4ltnisses Sch\u00e4den an dem Ferienhaus und \/ oder dessen Inventar auftreten, ist der Mieter verpflichtet, dies unverz\u00fcglich bei der Hausverwaltung anzuzeigen.<\/p>\n<p>Bereits bei der Ankunft festgestellte M\u00e4ngel und Sch\u00e4den m\u00fcssen sofort bei der Hausverwaltung gemeldet werden, ansonsten haftet der Mieter f\u00fcr diese Sch\u00e4den.<br \/>\nZur Beseitigung von Sch\u00e4den und M\u00e4ngeln ist eine angemessene Frist einzur\u00e4umen.<br \/>\nAnspr\u00fcche aus Beanstandungen, die nicht unverz\u00fcglich vor Ort gemeldet werden, sind ausgeschlossen. Reklamationen, die erst am Ende des Aufenthaltes bzw. nach Verlassen des Ferienhauses bei dem Vermieter eingehen, sind ebenfalls vom Schadenersatz ausgeschlossen.<\/p>\n<p>Bei eventuell auftretenden Leistungsst\u00f6rungen ist der Mieter verpflichtet, alles im Rahmen seiner gesetzlichen Verpflichtung Zumutbare zu tun, um zu einer Behebung der St\u00f6rung beizutragen und eventuell entstandenen Schaden gering zu halten.<br \/>\nAm Abreisetag sind vom Mieter pers\u00f6nliche Gegenst\u00e4nde zu entfernen, der Hausm\u00fcll ist in die vorgesehenen Beh\u00e4lter zu entsorgen, Geschirr ist sauber und abgewaschen in den K\u00fcchenschr\u00e4nken zu lagern.<\/p>\n<h4>6. Datenschutz<\/h4>\n<p>Der Mieter erkl\u00e4rt sich damit einverstanden, dass im Rahmen des mit ihm abgeschlossenen Vertrages notwendige Daten \u00fcber seine Person gespeichert, ge\u00e4ndert und \/ oder gel\u00f6scht werden.<br \/>\nAlle pers\u00f6nlichen Daten werden absolut vertraulich behandelt.<\/p>\n<h4>7. Haftung<\/h4>\n<p>Die Ausschreibung wurde nach bestem Wissen erstellt. F\u00fcr eine Beeinflussung des Mietobjektes durch h\u00f6here Gewalt, durch landes\u00fcbliche Strom- und Wasserausf\u00e4lle und Unwetter wird nicht gehaftet. Ebenso wird nicht gehaftet bei Eintritt unvorhersehbarer oder unvermeidbarer Umst\u00e4nde wie z.B. beh\u00f6rdlicher Anordnung, pl\u00f6tzlicher Baustelle oder f\u00fcr St\u00f6rungen durch naturbedingte und \u00f6rtliche Begebenheiten. Der Vermieter ist aber gern bei der Behebung der Probleme (soweit dies m\u00f6glich ist) behilflich.<br \/>\nEine Haftung des Vermieters f\u00fcr die Benutzung der bereitgestellten Spiel- und Sportger\u00e4te ist ausgeschlossen.<br \/>\nDie An- und Abreise des Mieters erfolgt in eigener Verantwortung und Haftung.<br \/>\nDer Vermieter haftet nicht f\u00fcr pers\u00f6nliche Gegenst\u00e4nde bei Diebstahl oder Feuer.<br \/>\nF\u00fcr mutwillige Zerst\u00f6rungen bzw. Sch\u00e4den haftet der Mieter in vollem Umfang.<\/p>\n<h4>8. Schlussbestimmungen<\/h4>\n<p>Fotos und Text auf der Webseite bzw. im Flyer dienen der realistischen Beschreibung.<br \/>\nDie 100-prozentige \u00dcbereinstimmung mit dem Mietobjekt kann nicht gew\u00e4hrleistet werden.<br \/>\nDer Vermieter beh\u00e4lt sich \u00c4nderungen der Ausstattung (z. B. M\u00f6bel) vor, sofern sie gleichwertig sind.<\/p>\n<p>Sollten eine oder mehrere Bestimmungen dieser Gesch\u00e4ftsbedingungen unwirksam sein oder werden, ber\u00fchrt dies die Wirksamkeit der \u00fcbrigen Bedingungen nicht.<br \/>\nDie unwirksame Regelung ist durch eine wirksame zu ersetzen, die dem wirtschaftlichen und rechtlichem Willen der Vertragsparteien am n\u00e4chsten kommt.<br \/>\nEs gilt deutsches Recht.<br \/>\nGerichtsstand und Erf\u00fcllungsort ist der Wohnort des Vermieters.[\/vc_column_text][\/vc_column][\/vc_row]\n<\/div>","protected":false},"excerpt":{"rendered":"<p>[vc_row][vc_column][vc_column_text font_family=&#8220;Montserrat&#8220;] Allgemeine Gesch\u00e4ftsbedingungen (AGB) &#8211; \u201eVilla Alberto\u201c Vermieter: Albert und Luise Fischer Friesen 32 96317 Kronach 1. Check-In \/ Check-Out Zeitfenster f\u00fcr den Check-In 15:00 \u2013 20:00 Uhr. Check-Out-Zeit bis 10:00 Uhr. Der Check-In erfolgt \u00fcber einen Key-Safe. Den erforderlichen Code erhalten Sie mit der Buchungsbest\u00e4tigung nach der Zahlung des Mietbetrages. Andere An- und&hellip;<\/p>\n","protected":false},"author":1,"featured_media":0,"parent":0,"menu_order":0,"comment_status":"closed","ping_status":"closed","template":"","meta":{"footnotes":""},"class_list":["post-664","page","type-page","status-publish","hentry","entry","no-media"],"_links":{"self":[{"href":"https:\/\/impulskreation.net\/villa-alberto\/wp-json\/wp\/v2\/pages\/664","targetHints":{"allow":["GET"]}}],"collection":[{"href":"https:\/\/impulskreation.net\/villa-alberto\/wp-json\/wp\/v2\/pages"}],"about":[{"href":"https:\/\/impulskreation.net\/villa-alberto\/wp-json\/wp\/v2\/types\/page"}],"author":[{"embeddable":true,"href":"https:\/\/impulskreation.net\/villa-alberto\/wp-json\/wp\/v2\/users\/1"}],"replies":[{"embeddable":true,"href":"https:\/\/impulskreation.net\/villa-alberto\/wp-json\/wp\/v2\/comments?post=664"}],"version-history":[{"count":9,"href":"https:\/\/impulskreation.net\/villa-alberto\/wp-json\/wp\/v2\/pages\/664\/revisions"}],"predecessor-version":[{"id":695,"href":"https:\/\/impulskreation.net\/villa-alberto\/wp-json\/wp\/v2\/pages\/664\/revisions\/695"}],"wp:attachment":[{"href":"https:\/\/impulskreation.net\/villa-alberto\/wp-json\/wp\/v2\/media?parent=664"}],"curies":[{"name":"wp","href":"https:\/\/api.w.org\/{rel}","templated":true}]}}